[INFO] cloning repository https://github.com/royalaid/t-app
[INFO] running `Command { std: "git" "-c" "credential.helper=" "-c" "credential.helper=/workspace/cargo-home/bin/git-credential-null" "clone" "--bare" "https://github.com/royalaid/t-app" "/workspace/cache/git-repos/https%3A%2F%2Fgithub.com%2Froyalaid%2Ft-app", kill_on_drop: false }`
[INFO] [stderr] Cloning into bare repository '/workspace/cache/git-repos/https%3A%2F%2Fgithub.com%2Froyalaid%2Ft-app'...
[INFO] running `Command { std: "git" "rev-parse" "HEAD", kill_on_drop: false }`
[INFO] [stdout] 0d2b2b3caaa663b24eafa49352fac8fe0ae3d65d
[INFO] checking royalaid/t-app against master#af3c6e733a40e671550e0f0f5aeecaa13772ba56 for pr-74989
[INFO] running `Command { std: "git" "clone" "/workspace/cache/git-repos/https%3A%2F%2Fgithub.com%2Froyalaid%2Ft-app" "/workspace/builds/worker-8/source", kill_on_drop: false }`
[INFO] [stderr] Cloning into '/workspace/builds/worker-8/source'...
[INFO] [stderr] done.
[INFO] validating manifest of git repo https://github.com/royalaid/t-app on toolchain af3c6e733a40e671550e0f0f5aeecaa13772ba56
[INFO] running `Command { std: "/workspace/cargo-home/bin/cargo" "+af3c6e733a40e671550e0f0f5aeecaa13772ba56" "read-manifest" "--manifest-path" "Cargo.toml", kill_on_drop: false }`
[INFO] started tweaking git repo https://github.com/royalaid/t-app
[INFO] finished tweaking git repo https://github.com/royalaid/t-app
[INFO] tweaked toml for git repo https://github.com/royalaid/t-app written to /workspace/builds/worker-8/source/Cargo.toml
[INFO] crate git repo https://github.com/royalaid/t-app already has a lockfile, it will not be regenerated
[INFO] running `Command { std: "/workspace/cargo-home/bin/cargo" "+af3c6e733a40e671550e0f0f5aeecaa13772ba56" "fetch" "--locked" "--manifest-path" "Cargo.toml", kill_on_drop: false }`
[INFO] running `Command { std: "docker" "create" "-v" "/var/lib/crater-agent-workspace/builds/worker-8/target:/opt/rustwide/target:rw,Z" "-v" "/var/lib/crater-agent-workspace/builds/worker-8/source:/opt/rustwide/workdir:ro,Z" "-v" "/var/lib/crater-agent-workspace/cargo-home:/opt/rustwide/cargo-home:ro,Z" "-v" "/var/lib/crater-agent-workspace/rustup-home:/opt/rustwide/rustup-home:ro,Z" "-e" "SOURCE_DIR=/opt/rustwide/workdir" "-e" "CARGO_TARGET_DIR=/opt/rustwide/target" "-e" "CARGO_HOME=/opt/rustwide/cargo-home" "-e" "RUSTUP_HOME=/opt/rustwide/rustup-home" "-w" "/opt/rustwide/workdir" "-m" "1610612736" "--user" "0:0" "--network" "none" "rustops/crates-build-env@sha256:d92eaeed33fa75130ca1ee6c8a01d1ffb62bac859dfdfb3450e3e5d1c0146529" "/opt/rustwide/cargo-home/bin/cargo" "+af3c6e733a40e671550e0f0f5aeecaa13772ba56" "metadata" "--no-deps" "--format-version=1", kill_on_drop: false }`
[INFO] [stdout] b0b1782a33812beeb5bf26a4afe4588388f09b3186ea641072d7ba517a34e943
[INFO] [stderr] WARNING: Your kernel does not support swap limit capabilities or the cgroup is not mounted. Memory limited without swap.
[INFO] running `Command { std: "docker" "start" "-a" "b0b1782a33812beeb5bf26a4afe4588388f09b3186ea641072d7ba517a34e943", kill_on_drop: false }`
[INFO] running `Command { std: "docker" "inspect" "b0b1782a33812beeb5bf26a4afe4588388f09b3186ea641072d7ba517a34e943", kill_on_drop: false }`
[INFO] running `Command { std: "docker" "rm" "-f" "b0b1782a33812beeb5bf26a4afe4588388f09b3186ea641072d7ba517a34e943", kill_on_drop: false }`
[INFO] [stdout] b0b1782a33812beeb5bf26a4afe4588388f09b3186ea641072d7ba517a34e943
[INFO] running `Command { std: "docker" "create" "-v" "/var/lib/crater-agent-workspace/builds/worker-8/target:/opt/rustwide/target:rw,Z" "-v" "/var/lib/crater-agent-workspace/builds/worker-8/source:/opt/rustwide/workdir:ro,Z" "-v" "/var/lib/crater-agent-workspace/cargo-home:/opt/rustwide/cargo-home:ro,Z" "-v" "/var/lib/crater-agent-workspace/rustup-home:/opt/rustwide/rustup-home:ro,Z" "-e" "SOURCE_DIR=/opt/rustwide/workdir" "-e" "CARGO_TARGET_DIR=/opt/rustwide/target" "-e" "CARGO_INCREMENTAL=0" "-e" "RUST_BACKTRACE=full" "-e" "RUSTFLAGS=--cap-lints=forbid" "-e" "CARGO_HOME=/opt/rustwide/cargo-home" "-e" "RUSTUP_HOME=/opt/rustwide/rustup-home" "-w" "/opt/rustwide/workdir" "-m" "1610612736" "--user" "0:0" "--network" "none" "rustops/crates-build-env@sha256:d92eaeed33fa75130ca1ee6c8a01d1ffb62bac859dfdfb3450e3e5d1c0146529" "/opt/rustwide/cargo-home/bin/cargo" "+af3c6e733a40e671550e0f0f5aeecaa13772ba56" "check" "--frozen" "--all" "--all-targets" "--message-format=json", kill_on_drop: false }`
[INFO] [stdout] bd3e2f28901e7aa98572f59ad1a2daf2e020564569537c941057165ea3d549d5
[INFO] [stderr] WARNING: Your kernel does not support swap limit capabilities or the cgroup is not mounted. Memory limited without swap.
[INFO] running `Command { std: "docker" "start" "-a" "bd3e2f28901e7aa98572f59ad1a2daf2e020564569537c941057165ea3d549d5", kill_on_drop: false }`
[INFO] [stderr]     Checking language-tags v0.2.2
[INFO] [stderr]     Checking percent-encoding v1.0.1
[INFO] [stderr]     Checking log v0.4.1
[INFO] [stderr]     Checking net2 v0.2.31
[INFO] [stderr]     Checking tokio-service v0.1.0
[INFO] [stderr]     Checking relay v0.1.0
[INFO] [stderr]     Checking base64 v0.9.0
[INFO] [stderr]     Checking bytes v0.4.5
[INFO] [stderr]     Checking futures-cpupool v0.1.8
[INFO] [stderr]     Checking log v0.3.9
[INFO] [stderr]     Checking mio v0.6.12
[INFO] [stderr]     Checking tokio-io v0.1.4
[INFO] [stderr]     Checking tokio-core v0.1.11
[INFO] [stderr]     Checking tokio-proto v0.1.1
[INFO] [stderr]     Checking hyper v0.11.11
[INFO] [stderr]     Checking t-app v0.1.0 (/opt/rustwide/workdir)
[INFO] [stdout] error[E0433]: failed to resolve: maybe a missing crate `winapi`?
[INFO] [stdout]   --> src/main.rs:53:5
[INFO] [stdout]    |
[INFO] [stdout] 53 | use winapi::shared::minwindef::DWORD;
[INFO] [stdout]    |     ^^^^^^ maybe a missing crate `winapi`?
[INFO] [stdout] 
[INFO] [stdout] 
[INFO] [stdout] error[E0433]: failed to resolve: maybe a missing crate `winapi`?
[INFO] [stdout]   --> src/main.rs:53:5
[INFO] [stdout]    |
[INFO] [stdout] 53 | use winapi::shared::minwindef::DWORD;
[INFO] [stdout]    |     ^^^^^^ maybe a missing crate `winapi`?
[INFO] [stdout] 
[INFO] [stdout] 
[INFO] [stdout] error[E0433]: failed to resolve: maybe a missing crate `winapi`?
[INFO] [stdout]   --> src/main.rs:54:5
[INFO] [stdout]    |
[INFO] [stdout] 54 | use winapi::shared::minwindef::HMODULE; 
[INFO] [stdout]    |     ^^^^^^ maybe a missing crate `winapi`?
[INFO] [stdout] 
[INFO] [stdout] 
[INFO] [stdout] error[E0433]: failed to resolve: maybe a missing crate `winapi`?
[INFO] [stdout]   --> src/main.rs:54:5
[INFO] [stdout]    |
[INFO] [stdout] 54 | use winapi::shared::minwindef::HMODULE; 
[INFO] [stdout]    |     ^^^^^^ maybe a missing crate `winapi`?
[INFO] [stdout] 
[INFO] [stdout] 
[INFO] [stdout] error[E0433]: failed to resolve: maybe a missing crate `winapi`?
[INFO] [stdout]   --> src/main.rs:55:5
[INFO] [stdout]    |
[INFO] [stdout] 55 | use winapi::shared::minwindef::FALSE;
[INFO] [stdout]    |     ^^^^^^ maybe a missing crate `winapi`?
[INFO] [stdout] 
[INFO] [stdout] 
[INFO] [stdout] error[E0433]: failed to resolve: maybe a missing crate `winapi`?
[INFO] [stdout]   --> src/main.rs:55:5
[INFO] [stdout]    |
[INFO] [stdout] 55 | use winapi::shared::minwindef::FALSE;
[INFO] [stdout]    |     ^^^^^^ maybe a missing crate `winapi`?
[INFO] [stdout] 
[INFO] [stdout] 
[INFO] [stdout] error[E0433]: failed to resolve: maybe a missing crate `winapi`?
[INFO] [stdout]   --> src/main.rs:56:5
[INFO] [stdout]    |
[INFO] [stdout] 56 | use winapi::um::psapi::EnumProcesses;
[INFO] [stdout]    |     ^^^^^^ maybe a missing crate `winapi`?
[INFO] [stdout] 
[INFO] [stdout] 
[INFO] [stdout] error[E0433]: failed to resolve: maybe a missing crate `winapi`?
[INFO] [stdout]   --> src/main.rs:56:5
[INFO] [stdout]    |
[INFO] [stdout] 56 | use winapi::um::psapi::EnumProcesses;
[INFO] [stdout]    |     ^^^^^^ maybe a missing crate `winapi`?
[INFO] [stdout] 
[INFO] [stdout] 
[INFO] [stdout] warning: unused import: `std::mem::size_of`
[INFO] [stdout]   --> src/main.rs:52:5
[INFO] [stdout]    |
[INFO] [stdout] 52 | use std::mem::size_of;
[INFO] [stdout]    |     ^^^^^^^^^^^^^^^^^
[INFO] [stdout]    |
[INFO] [stdout]    = note: `#[warn(unused_imports)]` on by default
[INFO] [stdout] 
[INFO] [stdout] 
[INFO] [stdout] warning: unused import: `std::mem::size_of`
[INFO] [stdout]   --> src/main.rs:52:5
[INFO] [stdout]    |
[INFO] [stdout] 52 | use std::mem::size_of;
[INFO] [stdout]    |     ^^^^^^^^^^^^^^^^^
[INFO] [stdout]    |
[INFO] [stdout]    = note: `#[warn(unused_imports)]` on by default
[INFO] [stdout] 
[INFO] [stdout] 
[INFO] [stdout] error[E0061]: this function takes 1 argument but 0 arguments were supplied
[INFO] [stdout]    --> src/main.rs:125:5
[INFO] [stdout]     |
[INFO] [stdout] 119 | fn print_message(msg: &str) -> Result<(), Error> {
[INFO] [stdout]     | ------------------------------------------------ defined here
[INFO] [stdout] ...
[INFO] [stdout] 125 |     print_message().unwrap();
[INFO] [stdout]     |     ^^^^^^^^^^^^^-- supplied 0 arguments
[INFO] [stdout]     |     |
[INFO] [stdout]     |     expected 1 argument
[INFO] [stdout] 
[INFO] [stdout] 
[INFO] [stdout] error[E0061]: this function takes 1 argument but 0 arguments were supplied
[INFO] [stdout]    --> src/main.rs:125:5
[INFO] [stdout]     |
[INFO] [stdout] 119 | fn print_message(msg: &str) -> Result<(), Error> {
[INFO] [stdout]     | ------------------------------------------------ defined here
[INFO] [stdout] ...
[INFO] [stdout] 125 |     print_message().unwrap();
[INFO] [stdout]     |     ^^^^^^^^^^^^^-- supplied 0 arguments
[INFO] [stdout]     |     |
[INFO] [stdout]     |     expected 1 argument
[INFO] [stdout] 
[INFO] [stdout] 
[INFO] [stdout] error: aborting due to 5 previous errors; 1 warning emitted
[INFO] [stdout] 
[INFO] [stdout] 
[INFO] [stdout] Some errors have detailed explanations: E0061, E0433.
[INFO] [stdout] 
[INFO] [stdout] For more information about an error, try `rustc --explain E0061`.
[INFO] [stdout] 
[INFO] [stdout] error: aborting due to 5 previous errors; 1 warning emitted
[INFO] [stdout] 
[INFO] [stdout] 
[INFO] [stdout] Some errors have detailed explanations: E0061, E0433.
[INFO] [stdout] 
[INFO] [stdout] For more information about an error, try `rustc --explain E0061`.
[INFO] [stdout] 
[INFO] [stderr] error: could not compile `t-app`.
[INFO] [stderr] 
[INFO] [stderr] To learn more, run the command again with --verbose.
[INFO] [stderr] warning: build failed, waiting for other jobs to finish...
[INFO] [stderr] error: build failed
[INFO] running `Command { std: "docker" "inspect" "bd3e2f28901e7aa98572f59ad1a2daf2e020564569537c941057165ea3d549d5", kill_on_drop: false }`
[INFO] running `Command { std: "docker" "rm" "-f" "bd3e2f28901e7aa98572f59ad1a2daf2e020564569537c941057165ea3d549d5", kill_on_drop: false }`
[INFO] [stdout] bd3e2f28901e7aa98572f59ad1a2daf2e020564569537c941057165ea3d549d5
